Let x(p) = -21*p. Let g(k) = 2*x(k) + z(k). Give g(-7).
-1
Let a = 9 - 4. Let s(v) be the first derivative of 7*v + 15 - 1/2*v**2. What is s(a)?
2
Suppose -8 = 3*n - 5*l, 0 = 2*n + l - 2*l - 4. Let i(c) be the third derivative of c**5/60 - c**4/12 + 2*c**3/3 + 685*c**2. Give i(n).
12
Let b(y) = 8*y + 8*y - 120*y**2 + 237*y**2 - 41 - 119*y**2 + 17. What is b(5)?
6
Let x(b) = 27*b - 276. Suppose 0 = -m + 5, m - 47 + 2 = -4*n. Calculate x(n).
-6
Let a(u) = -u**2 + 9*u + 53. Let r be 14 - (5 - 7)/(-2). What is a(r)?
1
Let j(q) = -q**3 + 4*q**2 - 4*q + 6. Let x be j(3). Let f(o) = 4*o + 4 + 10 - 2*o + x. Give f(-13).
-9
Let d(a) be the third derivative of -a**5/60 - 11*a**4/24 - 5*a**3/6 - 2000*a**2. Determine d(-2).
13
Let t(i) be the third derivative of i**5/60 - 7*i**4/24 + 4*i**3/3 - 1879*i**2. What is t(9)?
26
Let n be (-3)/(3/(-7))*(-528)/(-308). Suppose n*a = 31 - 91. Let m(k) = k. Let g(f) = 2*f. Let x(j) = -6*g(j) + 11*m(j). What is x(a)?
5
Let t(l) be the second derivative of -l**3/2 - 8*l**2 + 141*l - 6. What is t(-6)?
2
Suppose -1007*d + 12 = -1004*d. Let l(h) be the second derivative of -5*h**2 + 2*h + 0*h**3 + 0 + 1/12*h**d. Calculate l(0).
-10
Let n(x) = 16*x**2 + 179*x + 23. Let m be n(-11). Let u(y) = y**3 + 9*y**2 - 7*y - 23. Calculate u(m).
-53
Let m(f) = -7*f**2 + 12*f - 3. Let g(u) = 15*u**2 - 19*u + 4. Let d(w) = 3*g(w) + 5*m(w). Calculate d(2).
43
Let w be (-328)/(-100)*10 + 1/5. Let i(a) = 15*a - 8 + 17*a - w*a + 0. What is i(-14)?
6
Let w(f) = -3 - 43*f + 0 + 36*f + 17*f + 2. Calculate w(-4).
-41
Let g(i) = -i**2 + 4*i - 4. Suppose -3*p + 7 = -2. Suppose p*l - l - 10 = 0. What is g(l)?
-9
Let p(i) = -2*i + 1. Suppose 4*l - 22 = 2*l. Suppose -15 = 3*m, -l = -4*a + 4*m + 17. Let g be -1 - (-4)/(-4) - (-5 + a). Calculate p(g).
-1
Suppose 4*o - 2*z + 3 - 19 = 0, 0 = -4*o - z + 10. Let w(g) be the third derivative of 2/3*g**3 + 0*g - 1/8*g**4 + 0 - 21*g**2. Give w(o).
-5
Let n(g) be the third derivative of -g**4/24 - 5*g**3/2 - 1706*g**2. Give n(-10).
-5
Let x(y) = -y**3 + 4*y**2 + 22*y - 4. Let o be x(7). Let a(j) = 2376*j + 0*j**2 + j**2 - 2367*j - o. Let n = -14 + 7. Determine a(n).
-17
Let s be 26 - (((-36)/(-4))/(-1) - -12). Let d(c) = -c**3 + 25*c**2 - 47*c + 1. Give d(s).
-22
Let t(q) be the second derivative of q**5/20 - q**4/3 - 2*q**3/3 + 2*q**2 - 45*q + 2. Let v be (-17)/(-4) + (-4)/16. Calculate t(v).
-12
Let a(w) = -w**3 - 5 + 7 + 2*w**2 + 23*w - 5*w - 14. Let x be a(5). Let p(c) = -12*c + 1. Give p(x).
-35
Suppose -3 = -d + 3. Let m be (-68)/d - 2/3. Let s(w) = w**2 + 13*w + 18. What is s(m)?
6
Let x(a) be the first derivative of -17 + 2*a**2 - 1/6*a**3 - 23*a. Let i(o) be the first derivative of x(o). Give i(0).
4
Let w(q) = -q**3 - 10*q**2 - 38*q - 174. Let l be w(-8). Let d(p) = 6*p**2 - 13*p + 21. What is d(l)?
19
Let a(u) = 99. Let n(p) = -3*p - 396. Let v(q) = -9*a(q) - 2*n(q). What is v(16)?
-3
Let x(t) = 3*t - 10*t + 7 - 7*t - 4*t - 5. Calculate x(-1).
20
Let n(d) = -102*d + 386. Let c(o) = -77*o + 289. Let x(w) = -9*c(w) + 7*n(w). Give x(5).
-4
Let b(y) = 16*y - 62. Let g be (11/(110/150))/1 + -11. Give b(g).
2
Let j(q) = 16*q - 14. Let d be j(1). Let w(v) = 2 - 17*v + d*v**2 - 12*v + 24*v + 0*v**2. What is w(4)?
14
Let b = -15 - -10. Let r be -17 + 20 - (-3 - -1) - 1. Let i(h) = 6*h - 4*h + 2*h + r - 1. Calculate i(b).
-17
Suppose -3*g + 68*h = 69*h + 5, 14 = -4*g - 5*h. Let r(a) = 42*a**3 + a**2 - 1. What is r(g)?
-42
Let f = -132 - -306. Let g = -58 + f. Let c(o) = 0 + 9 + 117*o - g*o. What is c(-7)?
2
Let h(f) be the first derivative of -f**3/3 + 6*f - 163. What is h(2)?
2
Suppose -y + 109 = 22. Let i = -93 + y. Let k(p) = p**3 + 6*p**2 + p - 2. Let t be k(i). Let w(d) = d**3 + 8*d**2 - 2*d - 9. Calculate w(t).
7
Let s be -2*5/(-10)*3. Let c(p) = 5 + 7*p - 4*p - 8*p - s. Calculate c(2).
-8
Let i(g) = 3 - 5*g + 9*g + 1 - 3 + g**2. Let w be i(-4). Let a(h) = 5*h + 2. Determine a(w).
7
Let o = -82673 - -82670. Let u(a) be the second derivative of a**4/12 + a**3/3 + 2*a. What is u(o)?
3
Let j(m) = -m**3 + 32*m**2 - 27*m - 125. Let y(x) = -x**2 + 425*x + 3055. Let r be y(-7). Calculate j(r).
-1
Let b(l) = -l**3 + 4*l**2 + 22*l - 59. Let g be b(6). Let r(h) = -1 + g - 3*h + 20*h - 8*h. What is r(-1)?
-9
Let h = 32 - 30. Let j(i) = -i**h - 4 - 1 - 1 - 7*i + 2*i. Determine j(-4).
-2
Let r(g) = -220*g**2 - 1322*g - 19. Let t be r(-6). Let l(w) = 6*w + 16. Let y(z) = 2*z + 5. Let x(p) = 5*l(p) - 16*y(p). Give x(t).
14
Let j(n) = 9*n + 2. Let z = -2134 + 2132. Calculate j(z).
-16
Let h(y) = 44*y + 348. Let t be h(-8). Let k(a) = -2*a**2 - 5*a - 3. Calculate k(t).
-15
Let v be 24/(-14)*(-966)/92. Suppose 82*a - 79*a - v = 0. Let n(b) = 5 - 4*b + 0 + b**3 - 6*b**2 + b. Determine n(a).
-13
Let n(c) = -17*c**2 - c + 8*c**2 + 10*c**2 + c**3. Suppose -45 = -7*b - 59. Calculate n(b).
-2
Let v(u) be the second derivative of -1/20*u**5 + 2/3*u**3 - 66*u - 1/4*u**4 + 1 + 3*u**2. Suppose z = -1 - 3. Determine v(z).
6
Let r(m) = -m**2 - 7*m - 9. Suppose 2*l = 8*l + 6*l. Suppose l = 11*a + 52*a + 378. What is r(a)?
-3
Let g(s) = s**2 + 6*s - 6. Let u = 102 + -100. Suppose 0 = -4*l + 2*d + 172, -4 + 8 = u*d. Suppose 3*x - 15 = 3*v + 2*v, 4*v + l = -4*x. Give g(v).
-6
Let w(t) be the second derivative of t**4/12 - t**3/3 - 32*t**2 - t + 5. Determine w(0).
-64
Let f(u) = 15*u + 4. Let n(l) = -2*l - 5*l + 6 + 8 - 16. Let w(x) = 6*f(x) + 13*n(x). Determine w(-1).
-1
Suppose -u + 16*u + 5*m = 245, 4*u - m = 70. Let l(f) = f**3 - 19*f**2 + 32*f + 33. Calculate l(u).
-1
Let r(l) be the third derivative of -l**6/120 - 11*l**5/20 - 5*l**4/4 + 32*l**3/3 + 772*l**2 - 2. Give r(-32).
0
Let r(h) = h**3 - 17*h**2 - h + 11. Let o = 34 - 17. Let d be r(o). Let w = 7 + d. Let k(i) = -5*i**2 + 2*i - 1. Give k(w).
-4
Let t = 146 + -149. Let k(u) = -u**2 + 12*u - 8. Let m be k(11). Let q(l) = -2*l - 3*l + 1 + m*l + 4*l. Determine q(t).
-5
Suppose -5*q + q + 28 = 0. Let k(s) = -9*s + 50*s + 4 - 16*s - 23*s. What is k(q)?
18
Let x(v) = 8*v**2 - 2*v + 1. Let d(c) = c**3 - 74*c**2 + 24*c - 42. Let w(f) = -d(f) - 8*x(f). Determine w(10).
-46
Let x(k) = -k**3 - 6*k**2 + 8*k + 6. Let a be 5 + 6/18*-6. Suppose -a*p = 6, 4*b - 5*p + 9 + 9 = 0. Give x(b).
-1
Let y(j) = -81*j - 812. Let s be y(-10). Let v(h) be the second derivative of -1/3*h**3 + 0*h**2 + 0 - 1/12*h**4 + h. Determine v(s).
0
Let y(j) = j**2 - 3*j - 2. Let f(n) = -3*n + 21. Let p be f(-38). Let k = p + -131. What is y(k)?
2
Let i be ((-47)/((-3384)/(-48)))/((-165)/54 + 3). Let m(h) = -h**2 + 5*h + 89. What is m(i)?
5
Let l(c) = c**2 - 2. Let i(r) = -2*r**3 - 7*r**2 - 5*r + 5. Let b be i(-4). Suppose -38*x = -b*x - 9. Give l(x).
7
Suppose 8*m + 63 = 519. Suppose -13*a - 47 = m. Let y(n) be the third derivative of -n**4/24 - 7*n**3/6 + 11*n**2. Determine y(a).
1
Let x(a) = 14*a**2 + 2*a - 1. Let q be x(1). Let s = 23 - q. Let r(y) = 824 + 8*y**2 - y**3 + y - 747 - 86. Give r(s).
-1
Let q(z) = -20*z**3 - 33*z**2 - 35*z + 178. Let f(n) = 11*n**3 + 17*n**2 + 19*n - 88. Let y(w) = 11*f(w) + 6*q(w). Determine y(10).
-10
Let z(i) = -32*i - 218. Let t be (-14)/((-10)/(-6)*(-126)/(-105)). Calculate z(t).
6
Let y(d) be the third derivative of 1/30*d**5 + 0*d**3 + 0*d - 55*d**2 + 0 + 1/12*d**4. Let v = -1 + -1. What is y(v)?
4
Let t be 4/(1/6*4). Let d(a) = a**3 - 35*a**2 + 3*a - 8. Let y(i) = -2*i**3 + 79*i**2 - 3*i + 16. Let h(u) = 7*d(u) + 3*y(u). Give h(t).
-8
Let d(a) = a**2 + 5*a + 1. Let c = -99 - -91. Let m be -1 - (4 - 1 - (-10 - c)). Give d(m).
7
Suppose 5*w = 4*n - 27, -6*w + 4*w - 6 = 0. Suppose -4*b - n*r = -6*b + 10, 5*b - 5*r = 35. Let x(p) = -p - 3. Calculate x(b).
-14
Let p(a) = 3*a**2 + 17*a - 1. Let d be p(-8). Let c(j) = 39 - d*j**2 - 2*j**3 + 3*j + 53*j**2 - 36. Determine c(-2).
5
Let a(j) be the second derivative of -2*j**3/3 - 22*j**2 - 1228*j. Determine a(-9).
-8
Let y(x) = 5*x - 3*x**2 + 5 - x**3 + x - 3*x. Suppose 2618 = -494*l + 1136. Determine y(l).
-4
Let q(n) = n**3 + 2*n + 4 + n + 9749*n**2 - 9754*n**2. Suppose 5*z = -23 + 43. Calculate q(z).
0
Suppose 0*g - 2*g + 3*r - 5 = 0, 0 = -2*g - 3*r + 25. Suppose g*q - 984 = q. Let u(d) = 240*d - 5 - q*d + 5*d**2 + 4*d**3 - 3*d**3. Determine u(-6).
-5
Suppose -209*h - 1445 = 1154*h + 82*h. Let w(x) = 3 + 0 - x**2 - 5 - 2*x +